{"id":396,"date":"2025-01-29T10:51:25","date_gmt":"2025-01-29T10:51:25","guid":{"rendered":"https:\/\/www.ophris.fr\/?page_id=396"},"modified":"2025-01-29T10:57:13","modified_gmt":"2025-01-29T10:57:13","slug":"nouvelle-revue-education-et-societe-inclusives-n86-2019","status":"publish","type":"page","link":"https:\/\/www.ophris.fr\/?page_id=396","title":{"rendered":"Nouvelle revue \u00e9ducation et soci\u00e9t\u00e9 inclusives N\u00b086 &#8211; 2019"},"content":{"rendered":"\n<p><a href=\"https:\/\/www.insei.fr\/ressources\/recherche-en-education-et-pratiques-inclusives\" target=\"_blank\" rel=\"noreferrer noopener\">https:\/\/www.insei.fr\/ressources\/recherche-en-education-et-pratiques-inclusives<\/a><\/p>\n","protected":false},"excerpt":{"rendered":"<p>https:\/\/www.insei.fr\/ressources\/recherche-en-education-et-pratiques-inclusives<\/p>\n","protected":false},"author":3,"featured_media":0,"parent":0,"menu_order":0,"comment_status":"closed","ping_status":"closed","template":"","meta":{"footnotes":""},"class_list":["post-396","page","type-page","status-publish","hentry"],"_links":{"self":[{"href":"https:\/\/www.ophris.fr\/index.php?rest_route=\/wp\/v2\/pages\/396","targetHints":{"allow":["GET"]}}],"collection":[{"href":"https:\/\/www.ophris.fr\/index.php?rest_route=\/wp\/v2\/pages"}],"about":[{"href":"https:\/\/www.ophris.fr\/index.php?rest_route=\/wp\/v2\/types\/page"}],"author":[{"embeddable":true,"href":"https:\/\/www.ophris.fr\/index.php?rest_route=\/wp\/v2\/users\/3"}],"replies":[{"embeddable":true,"href":"https:\/\/www.ophris.fr\/index.php?rest_route=%2Fwp%2Fv2%2Fcomments&post=396"}],"version-history":[{"count":3,"href":"https:\/\/www.ophris.fr\/index.php?rest_route=\/wp\/v2\/pages\/396\/revisions"}],"predecessor-version":[{"id":401,"href":"https:\/\/www.ophris.fr\/index.php?rest_route=\/wp\/v2\/pages\/396\/revisions\/401"}],"wp:attachment":[{"href":"https:\/\/www.ophris.fr\/index.php?rest_route=%2Fwp%2Fv2%2Fmedia&parent=396"}],"curies":[{"name":"wp","href":"https:\/\/api.w.org\/{rel}","templated":true}]}}