{"id":98,"date":"2019-12-12T19:34:44","date_gmt":"2019-12-12T19:34:44","guid":{"rendered":"https:\/\/www.ophris.fr\/?page_id=98"},"modified":"2019-12-12T19:34:44","modified_gmt":"2019-12-12T19:34:44","slug":"2014-bordeaux","status":"publish","type":"page","link":"https:\/\/www.ophris.fr\/?page_id=98","title":{"rendered":"2014 &#8211; Bordeaux"},"content":{"rendered":"\n<figure class=\"wp-block-image size-large\"><img loading=\"lazy\" decoding=\"async\" width=\"670\" height=\"897\" src=\"https:\/\/www.ophris.fr\/wp-content\/uploads\/2019\/12\/bordeaux.png\" alt=\"\" class=\"wp-image-99\" srcset=\"https:\/\/www.ophris.fr\/wp-content\/uploads\/2019\/12\/bordeaux.png 670w, https:\/\/www.ophris.fr\/wp-content\/uploads\/2019\/12\/bordeaux-224x300.png 224w, https:\/\/www.ophris.fr\/wp-content\/uploads\/2019\/12\/bordeaux-202x270.png 202w\" sizes=\"auto, (max-width: 670px) 100vw, 670px\" \/><\/figure>\n\n\n\n<p>L&rsquo;universit\u00e9 de Bordeaux, le CFSSA et le Centre Emile Durkheim ont organis\u00e9, dans le cadre du VIe colloque OPHRIS&nbsp; \u00ab\u00a0Ecole et Handicap\u00a0\u00bb, et en partenariat avec le CREAHI d&rsquo;Aquitaine, l&rsquo;ARI, le CEDOV&nbsp; et la MAIF, un colloque sur les bilans et d\u00e9fis de l&rsquo;accessibilit\u00e9&nbsp;&nbsp;<\/p>\n\n\n\n<p>\u00c0 l\u2019\u00e9chelle europ\u00e9enne, 2003 fut \u00ab&nbsp;l\u2019ann\u00e9e europ\u00e9enne des personnes handicap\u00e9es&nbsp;\u00bb et 2007 \u00ab&nbsp;l\u2019ann\u00e9e de l\u2019\u00e9galit\u00e9 des chances pour tous&nbsp;\u00bb. En France, trente ann\u00e9es s\u00e9parent la loi d&rsquo;orientation n\u00b075-534 du 30 juin 1975 en faveur des personnes handicap\u00e9es de la loi du 11 f\u00e9vrier 2005 pour&nbsp;<em>l&rsquo;\u00e9galit\u00e9 des droits et des chances, la participation et la citoyennet\u00e9 des personnes handicap\u00e9es<\/em>. \u00c0 l\u2019\u00e9chelle nationale et europ\u00e9enne, l\u2019\u00e9galit\u00e9 est au c\u0153ur des d\u00e9bats sur l\u2019acc\u00e8s des personnes handicap\u00e9es \u00e0 l\u2019espace public, au travail, \u00e0 la culture, \u00e0 l\u2019\u00e9cole et \u00e0 la formation. Dix ans apr\u00e8s le vote de la loi de f\u00e9vrier 2005, o\u00f9 en sommes-nous de l\u2019acc\u00e8s \u00e0 l\u2019emploi, aux biens et aux services, aux ressources culturelles, \u00e0 une scolarit\u00e9 ordinaire et une formation professionnelle des personnes handicap\u00e9es&nbsp;? Quels bilans tirer de ces dix ann\u00e9es \u00e9coul\u00e9es et quels d\u00e9fis se dessinent pour les ann\u00e9es \u00e0 venir&nbsp;? Ce colloque \u00ab&nbsp;Bilans et d\u00e9fis de la loi de f\u00e9vrier 2005&nbsp;\u00bb aborde la question de l\u2019accessibilit\u00e9 par trois th\u00e8mes.&nbsp;<\/p>\n\n\n\n<p>1 \u2013&nbsp;<em>Accessibilit\u00e9 aux savoirs et \u00e0 la formation<\/em>. Ce th\u00e8me poursuit la r\u00e9flexion sur les pratiques inclusives et les savoirs scolaires et professionnels. Surtout, il intervient dans le d\u00e9bat sur l\u2019inclusion scolaire qui comporte autant des approches didactiques que des approches li\u00e9es \u00e0 la construction de soi et \u00e0 l\u2019affiliation des \u00e9l\u00e8ves handicap\u00e9s durant leur parcours scolaires et universitaires. De sorte que le th\u00e8me de l\u2019accessibilit\u00e9 \u00e0 la formation doit croiser la trajectoire biographique et la trajectoire scolaire et didactique afin d\u2019interroger les collaborations pass\u00e9es et \u00e0 venir entre l\u2019\u00e9cole ordinaire et les institutions m\u00e9dico-sociales et scolaires. Ce qui interroge par incidence la formation professionnelle des acteurs de l\u2019\u00e9cole et du secteur sp\u00e9cialis\u00e9. Ce qui interroge aussi la difficile mise en place d\u2019un cadre d\u2019emploi pour les AVS.&nbsp;<\/p>\n\n\n\n<p>2 \u2013&nbsp;<em>Accessibilit\u00e9 \u00e0 l\u2019emploi<\/em>. Prolongement de l\u2019accessibilit\u00e9 scolaire, l\u2019acc\u00e8s \u00e0 l\u2019emploi des personnes handicap\u00e9es est un axe d\u2019intervention publique qui se traduit par une politique incitative. Les personnes handicap\u00e9es sont expos\u00e9es en effet \u00e0 un risque, deux fois plus \u00e9lev\u00e9 que les valides, d\u2019une exclusion du march\u00e9 du travail. Le recours au secteur prot\u00e9g\u00e9 apparait alors comme une solution n\u00e9cessaire pour les uns, un pis-aller pour les autres. Ce retrait du \u00ab&nbsp;march\u00e9 du travail des valides&nbsp;\u00bb ne s\u2019explique pas n\u00e9cessairement par une discrimination mais, dans certains cas, par un mode d\u2019acc\u00e8s aux offres d\u2019emploi impropre aux personnes handicap\u00e9es. Comment favoriser l\u2019acc\u00e8s \u00e0 l\u2019emploi Quels sont les enjeux de la VAE pour les publics des \u00e9tablissements sp\u00e9cialis\u00e9s&nbsp;?&nbsp;<\/p>\n\n\n\n<p>3 \u2013&nbsp;<em>Accessibilit\u00e9 \u00e0 la culture<\/em>. La culture, dans une acception large, d\u00e9signe l\u2019ensemble de ressources offertes aux personnes afin de leur garantir un niveau de bien-\u00eatre d\u00e9fini au pr\u00e9alable par une politique publique. L\u2019accessibilit\u00e9 n\u2019est donc pas r\u00e9ductible aux b\u00e2timents publics mais concerne plus largement les biens et les services gr\u00e2ce auxquels la personne handicap\u00e9e s\u2019individualise gr\u00e2ce aux autres plut\u00f4t que contre eux. La matrice culturelle repose, notamment, sur la culture scolaire, les mediacultures, la culture nationale. Quel horizon culturel pour tous se dessine pour demain, en France et ailleurs&nbsp;?&nbsp;<\/p>\n\n\n\n<p>Outre les regards crois\u00e9s qu\u2019autorise la d\u00e9clination de ces trois th\u00e8mes, ce colloque porte un enjeu r\u00e9solument comparatif. Ouvert aux contextes europ\u00e9ens et internationaux, il permet de dire ce que la loi produit dans d\u2019autres pays, ce qu\u2019elle n\u2019a pas r\u00e9solu ainsi que les d\u00e9fis \u00e0 relever dans d\u2019autres nations. Ce colloque privil\u00e9gie donc une approche du handicap par un jeu d\u2019\u00e9chelles institutionnelles et g\u00e9ographiques afin qu\u2019une mont\u00e9e en g\u00e9n\u00e9ralit\u00e9 puisse d\u00e9gager des scripts globaux pouvant circuler soit horizontalement d\u2019un pays \u00e0 l\u2019autre soit verticalement d\u2019une entit\u00e9 supranationale vers des pays, sans gommer toutefois d\u2019une part les sp\u00e9cificit\u00e9s nationales et territoriales, d\u2019autre part le caract\u00e8re propre \u00e0 l\u2019histoire des terminologies et \u00e0 l\u2019organisation des institutions au sein d\u2019un pays.&nbsp;<\/p>\n","protected":false},"excerpt":{"rendered":"<p>L&rsquo;universit\u00e9 de Bordeaux, le CFSSA et le Centre Emile Durkheim ont organis\u00e9, dans le cadre du VIe colloque OPHRIS&nbsp; \u00ab\u00a0Ecole et Handicap\u00a0\u00bb, et en partenariat avec le CREAHI d&rsquo;Aquitaine, l&rsquo;ARI, le CEDOV&nbsp; et la MAIF, un colloque sur les bilans et d\u00e9fis de l&rsquo;accessibilit\u00e9&nbsp;&nbsp; \u00c0 l\u2019\u00e9chelle europ\u00e9enne, 2003 fut \u00ab&nbsp;l\u2019ann\u00e9e europ\u00e9enne des personnes handicap\u00e9es&nbsp;\u00bb et 2007 \u00ab&nbsp;l\u2019ann\u00e9e de l\u2019\u00e9galit\u00e9 des chances pour tous&nbsp;\u00bb. En France, trente ann\u00e9es s\u00e9parent la loi d&rsquo;orientation n\u00b075-534 du 30 juin 1975 en faveur des personnes&#8230;<\/p>\n<p class=\"read-more\"><a class=\"btn btn-default\" href=\"https:\/\/www.ophris.fr\/?page_id=98\">Lire la suite<span class=\"screen-reader-text\"> Lire la suite<\/span><\/a><\/p>\n","protected":false},"author":1,"featured_media":0,"parent":0,"menu_order":0,"comment_status":"closed","ping_status":"closed","template":"","meta":{"footnotes":""},"class_list":["post-98","page","type-page","status-publish","hentry"],"_links":{"self":[{"href":"https:\/\/www.ophris.fr\/index.php?rest_route=\/wp\/v2\/pages\/98","targetHints":{"allow":["GET"]}}],"collection":[{"href":"https:\/\/www.ophris.fr\/index.php?rest_route=\/wp\/v2\/pages"}],"about":[{"href":"https:\/\/www.ophris.fr\/index.php?rest_route=\/wp\/v2\/types\/page"}],"author":[{"embeddable":true,"href":"https:\/\/www.ophris.fr\/index.php?rest_route=\/wp\/v2\/users\/1"}],"replies":[{"embeddable":true,"href":"https:\/\/www.ophris.fr\/index.php?rest_route=%2Fwp%2Fv2%2Fcomments&post=98"}],"version-history":[{"count":1,"href":"https:\/\/www.ophris.fr\/index.php?rest_route=\/wp\/v2\/pages\/98\/revisions"}],"predecessor-version":[{"id":100,"href":"https:\/\/www.ophris.fr\/index.php?rest_route=\/wp\/v2\/pages\/98\/revisions\/100"}],"wp:attachment":[{"href":"https:\/\/www.ophris.fr\/index.php?rest_route=%2Fwp%2Fv2%2Fmedia&parent=98"}],"curies":[{"name":"wp","href":"https:\/\/api.w.org\/{rel}","templated":true}]}}